 h is divided by 4.
3
Suppose 0 = 2*g + 3*d - 82, 164 = 4*g + 5*d. Calculate the remainder when ((-971)/(-4) - -1) + (-13 - (-1078)/88) is divided by g.
38
Let i(c) = -c**3 - 11*c**2 - 5. Let f be i(-11). Let k = f - -25. Calculate the remainder when 84/(-9)*(90/(-4) - -12) is divided by k.
18
Let r = 4124 + -4117. Calculate the remainder when 868 is divided by r.
0
Let p(z) = 2*z**3 + 2*z**2 - 8*z - 12. Let m be p(-2). Calculate the remainder when m/(-34) + 1613/17 is divided by 1161/45 + (-8)/10.
20
Let r(c) = 6*c**3 - 5*c**2 + 5*c - 2. Let a = 3466 - 3359. What is the remainder when a is divided by r(2)?
35
Suppose 4*r + 114 - 132 = -3*j, 2*r = -5*j + 2. Let l = -4 + -1. Let g = l - -70. Calculate the remainder when g is divided by r.
5
What is the remainder when 90 is divided by 247/(-65)*-15 + 5?
28
Let t(q) = 17*q + 48. Suppose 5*x - 6*x = 0, 3*x = 3*r + 6. Calculate the remainder when 109 is divided by t(r).
11
Let d(a) = -7*a**3 + 7*a**2 + 21*a + 8. What is the remainder when d(-3) is divided by 41?
33
Suppose 4*t = 5*b + 17, 175 - 156 = 2*t + b. Calculate the remainder when 3806 is divided by t.
6
Suppose 18*k - 276 = 481 - 127. Let i = 4 + -20. Let u = 28 + i. What is the remainder when k is divided by u?
11
Suppose -5*n + 2*s + 20099 = -3855, -4*s - 4780 = -n. What is the remainder when n is divided by 34?
32
Let y = -271 - -334. Let l be (-3 - -3) + -1 - -3. Suppose -l*j = 3*j - 160. Calculate the remainder when y is divided by j.
31
Let s(x) = 33*x**2 - 4*x - 1. Let t be s(2). Suppose -5*m - 2*c = -t, -49 = -4*m + m + 5*c. Let l(a) = -a - 2. What is the remainder when m is divided by l(-6)?
3
Let x(n) = 4*n**3 - n**2 + 2*n - 2. Let w be x(1). Suppose w*y - 15 = 2*y. Calculate the remainder when 40 is divided by y.
10
Suppose 7*b + 530 = 677. Suppose p - b = 14. Calculate the remainder when 314 is divided by p.
34
Suppose -x + 2*f + 731 = 2*x, -3*x = 2*f - 751. Suppose -n = -20*n + x. Let j = -10 + 34. Calculate the remainder when j is divided by n.
11
Let f(v) = 2*v**3 - 4*v**2 - 10*v + 5. Let r(s) = -s**3 - 2*s**2 - 4*s - 3. Let n be r(-2). Calculate the remainder when f(n) is divided by 12.
9
Let n(v) = -v**3 + 17*v**2 - 12*v + 16. Let l be n(16). Suppose -l*d = -83*d - 300. What is the remainder when (-5475)/d + 2/8 is divided by 19?
17
Suppose 10*g - 170 = -0*g. Suppose 0 = -2*v - 4*q + 6, -g = 4*v - q - 2. Calculate the remainder when (-2)/((-4)/(-72)*v) is divided by 8.
4
Let a be (2/(-1))/(-1 - (-2)/6). What is the remainder when 67 is divided by -6*(a + -2) - -30?
19
Suppose -1714 = -f - 4*t, -2*f = 3*t - 246 - 3152. What is the remainder when f is divided by 212?
206
Let g(z) = -2*z**2 - 186*z - 535. Calculate the remainder when 2214 is divided by g(-3).
4
Suppose -i = -5*v + 40, 1 = -2*v + 3*i + 4. Let m = 22 - v. Suppose 7*f = 6*f + m. What is the remainder when f is divided by 4?
1
Let s be ((-7)/(-7))/((2/(-2))/5). Let x(b) = b**2 - 10*b - 1. Calculate the remainder when x(s) is divided by 15.
14
Suppose -36*x - 912 = -188*x. Calculate the remainder when 2246 is divided by x.
2
Suppose -256 = 17*y + 33. Calculate the remainder when (-273 + 2)/(y/17) is divided by 7.
5
Let j be 3 + (-756)/(-16) + (-4)/16. Suppose -3*s = 2*f - 100, -f = 4*s - 8*s - j. What is the remainder when 55 is divided by f?
5
Let b = 663 + -558. Calculate the remainder when 256 is divided by b.
46
Calculate the remainder when 582 is divided by ((-840)/(-6))/(-14) - -19.
6
Let b(z) = z**2 - 11*z - 8. Let w be (-8 - -3) + 5 - -11. Suppose 44 = -w*s + 286. Calculate the remainder when s is divided by b(12).
2
Suppose 0 = -1675*d + 1655*d + 55820. Calculate the remainder when d is divided by 165.
151
Let n(b) = 71*b**3 + 3*b**2 - 46*b + 42. What is the remainder when n(1) is divided by 34?
2
Suppose -2*d - p + 204 = 4*p, 5*p + 132 = d. Let i = 204 - d. Let t = 53 + -29. Calculate the remainder when i is divided by t.
20
Suppose -121*o + 116*o + 41 = 2*g, -5*g = -3*o + 6. Calculate the remainder when 2064 is divided by o.
6
Let l = -6699 - -6653. Let d = 110 + -56. Let g = l + d. What is the remainder when 13 is divided by g?
5
Let t(z) = -z**2 - 9*z + 93. Suppose 15 = 4*j + j, 0 = 5*v - 4*j + 17. What is the remainder when 22/2 - (-1 + v) is divided by t(6)?
1
Calculate the remainder when 4379 is divided by -1 + 4 - (-306)/(-306).
1
Let r(m) = -m**2 + 589*m + 63. Calculate the remainder when 813 is divided by r(0).
57
Let m(g) = -g**3 - 20*g**2 - 57*g + 24. Let w be m(-18). Suppose w = 20*y - 78. Calculate the remainder when 90 is divided by y.
18
Suppose 10*r - 5347 = -4967. Calculate the remainder when 146 is divided by r.
32
What is the remainder when 312 is divided by -2 + ((-60)/180)/((-2)/678)?
90
What is the remainder when 452 is divided by ((-288)/120)/((-36)/420)?
4
Suppose 13 = 3*l - 5. Let r = 8 - l. What is the remainder when 74 - -1*r/2 is divided by 39?
36
Let f(w) = -16*w - 7. Let r(d) = -d**3 + 4*d**2 - 3*d + 4. Let o be r(4). Calculate the remainder when f(o) is divided by 2 - (-244)/8 - (-21)/(-126)*9.
28
Let g(c) = -439*c + 13986. Calculate the remainder when 864 is divided by g(31).
110
Let h(m) = 4*m**3 + 294*m**2 - 169*m - 355. What is the remainder when 1211 is divided by h(-74)?
12
Calculate the remainder when (-584 - -571) + (1 - -423) is divided by 88.
59
Let v(l) = 2*l**3 - 34*l**2 + 40*l + 35. What is the remainder when v(16) is divided by 38?
11
Let i be 7434/(-12)*8/6. Let r be i/(-28) + 3/2. Let d = 43 - r. Calculate the remainder when 33 is divided by d.
9
Suppose -146 = 37*y - 38*y + g, -y - 4*g + 166 = 0. What is the remainder when 309 is divided by y?
9
Suppose 8 = -6*q + 4*q, -5*q - 17 = d. Suppose -5*k + 4*a + 324 = 94, 85 = 2*k - d*a. Calculate the remainder when k is divided by -1*1*18/(-1).
14
Suppose 3*h + 6 = -x - 25, -x = -2*h + 21. Suppose 12 = -i + 55. Let c = i + x. Calculate the remainder when 52 is divided by c.
16
Let t(w) = 3623*w**2 - 7246*w**2 + 3621*w**2 - 9*w + 2. Let c = -7 + 4. Calculate the remainder when 42 is divided by t(c).
9
Let v = 70 - 73. Let q(c) = -15*c + 0 - 2 + 5 - 2. Calculate the remainder when 183 is divided by q(v).
45
Calculate the remainder when 322 is divided by ((-100)/16)/((-55)/132).
7
Let s(t) = -3*t**3 + 29*t**2 + 12*t + 23. What is the remainder when 1027 is divided by s(10)?
38
Let n = 3778 + -3101. What is the remainder when n is divided by 27?
2
Let g = -3667 - -5980. Calculate the remainder when g is divided by 48.
9
Suppose -5*v - 2*d + 36 = 2*d, 0 = -3*d + 12. Suppose b - 5*p + 487 = 4*b, -4*p = v. What is the remainder when b is divided by 14?
10
Let g = -249 - -599. Let l = -77 - -116. Calculate the remainder when g is divided by l.
38
Let i(d) = -d**3 + 5*d**2 + 20*d - 79. Let o be i(4). Let l be 8/(-1) - (1 + 0). Let g = l + o. What is the remainder when g is divided by 2?
0
Let f = -41 - -271. Calculate the remainder when 3437 is divided by f.
217
Let l = -3711 - -3724. Calculate the remainder when 441 is divided by l.
12
Let h(t) = t**3 + 17*t**2 - 35*t + 60. Let w be h(-19). Suppose 293 = -w*a + 707. Calculate the remainder when a is divided by 29.
22
Let v = 2716 + -2665. Calculate the remainder when 1172 is divided by v.
50
Calculate the remainder when (2/(-10) - 1)/(237/(-69520)) is divided by 101.
49
What is the remainder when 120 is divided by 450/7 + (14 - 2300/161)?
56
Let k = -13 - -26. Suppose 12*o = 8*o + 80. Calculate the remainder when -3 + 72/o - 321/(-15) is divided by k.
9
Suppose 3*q - 1501 = z, -76 + 2587 = 5*q - 4*z. Suppose 3*w = -0*w - 4*a + 491, 3*w - q = 4*a. Calculate the remainder when 29 is divided by w/20 + 2/(-8).
5
Let p = 193 - 173. Suppose 14*i - p*i + 90 = 0. What is the remainder when 54 is divided by i?
9
Let u(l) = -l**2 - 283*l - 9567. What is the remainder when u(-47) is divided by 1510?
15
Suppose -15 = -4*z + 5, 994 = -3*f - 4*z. Let k = -301 - f. What is the remainder when k is divided by 5?
2
Let v be 27/108 - 2*5/8. Let z be v + 1 + 0 + 1 - -24. Suppose 0 = 11*i - 16*i + z. Calculate the remainder when 7 is divided by i.
2
Let h = 14 + 57. What is the remainder when h is divided by (1/2)/(1163/86062)?
34
Suppose -7*h + 3344 = -18*h. Let p = 539 + h. Let z = p + -105. Calculate the remainder when z is divided by 